ens digit of x?
1
Let p(i) = i**2 + i + 21. Let u be p(4). Suppose 5*z + u = d + 3*d, -3*d + 22 = 5*z. What is the units digit of d?
9
Suppose 5*q + 2*p = 28, 6*q - 4*p = q + 4. Suppose q*h - 4122 = -5*h. What is the hundreds digit of h?
4
Suppose -161415 - 1574297 = -44*p. What is the hundreds digit of p?
4
Let l = 21458 - 19842. What is the hundreds digit of l?
6
Suppose -3119 = -5*m - t, -8*t + 10*t - 631 = -m. Let p = m + -354. What is the hundreds digit of p?
2
What is the thousands digit of (92592/60 + 2 + 0)/((-4)/(-10))?
3
Suppose 0 = 3*u + 4*i - 1357, -2*u + 908 = i - 0*i. Suppose 0 = -p + z + u, -9*p + 4*z + 2274 = -4*p. What is the units digit of p?
4
Suppose 0 = -3*n + 3*v - 30, -5*v = 3*n - 0*v + 6. What is the tens digit of ((-1623)/6)/((7/2)/n)?
4
Let y(j) = j**3 - 11*j**2 + 4. Let s be y(11). Let p be ((-15)/10)/((-2)/s). Suppose 62 + 139 = p*r. What is the units digit of r?
7
What is the units digit of 9*-1 + 60 + 2671?
2
Let a(x) = -x**3 - 9*x**2 - 8*x + 5. Let r be a(-8). Suppose r*y + 13 = 18. What is the tens digit of y + 2*27 - (-12)/4?
5
Let k = 65 - 75. What is the units digit of 65 + (k - (-10 - -5))?
0
Suppose -5*y - 167 = t, -4*t - 5*y = 144 + 464. Let u = 271 - t. What is the units digit of u?
8
Let y(r) = -r**3 + 15*r**2 + 32*r + 37. Let t be y(17). Suppose v - 9*m = -6*m + 40, -3*v + t*m + 120 = 0. What is the units digit of v?
0
Suppose 35*y + 24790 = 5680. Let z = 1070 + y. What is the tens digit of z?
2
Let a(c) = -c**3 - 18*c**2 - 17*c + 6. Let v be a(-17). Suppose 4*z + v = 6*z. Suppose 5*l - 469 = -z*k, -5*l - 419 = -3*k - 0*k. What is the tens digit of k?
4
Let v(x) = -22*x + 12. Suppose -a - 12 + 2 = 2*o, 15 = -3*a - o. Let j be v(a). Let n = j - 6. What is the tens digit of n?
9
Suppose -2*y = 3*l - 15, 2*y - 3*y = -5*l + 12. Let n(f) = 14 - 10*f**2 + 3 + 15 - 8*f + f**l. What is the tens digit of n(12)?
2
Suppose 2*g - 75 = -3*c - 2*c, 5*c + g = 70. Suppose c*d + 1056 = 7*d. Let r = -14 - d. What is the units digit of r?
2
Suppose 0 = 402*k - 400*k + 346. Let a = k + 210. What is the units digit of a?
7
Let s(u) = 3*u + 4 - 10 - 9*u + 3*u**2. Suppose 5*o - 51*q + 50*q = 36, -16 = -2*o + 2*q. What is the tens digit of s(o)?
9
Suppose 83*m - 143521 - 401042 = 0. What is the tens digit of m?
6
Let b be (392/42)/(2/18). Let a = 117 - b. What is the tens digit of a?
3
Suppose -32*h + 30*h = 3*w - 3937, -2*h = -4*w - 3972. What is the units digit of h?
6
Let o = 2701 + -1609. Suppose j = 2*j. Suppose 0*p + 7*p - o = j. What is the units digit of p?
6
Suppose 0 = 2*i + 3*o - 41488, 101*i + 4*o = 105*i - 82956. What is the hundreds digit of i?
7
Let w be 3/(-8) + 2346/368. Suppose -2*l - w*l = -2352. What is the tens digit of l?
9
Let f(d) = -46*d + 74. Let m(i) be the third derivative of 5*i**4/8 - 25*i**3/6 + 21*i**2. Let c(z) = -3*f(z) - 8*m(z). What is the tens digit of c(8)?
2
Suppose f + 2*y - 11 = 0, 8 = 3*f + 3*y - 19. Suppose 3*z - 461 = -5*l + f*z, 0 = -z - 4. Let q = -10 + l. What is the units digit of q?
9
Let i(g) = g**3 - 44*g**2 - 30*g + 115. What is the hundreds digit of i(45)?
7
Suppose -5*p + 29 = -4*q + 31, -4*p = 3*q + 14. What is the thousands digit of (49 + -235)*11/p?
1
Suppose -398 = -3*v - 380. Suppose -23695 = -v*z - 29*z. What is the units digit of z?
7
Suppose 7*g - 2*j = 3*g + 138338, 10*g = j + 345865. What is the hundreds digit of g?
5
Suppose -4*r = -k - 20300, -7*k + 5*k + 20300 = 4*r. Suppose -8*c + r = 1819. What is the tens digit of c?
0
Let k = 29904 - 13628. What is the thousands digit of k?
6
Let a be -6 + -4 + 1264 + 5. Suppose -a = -7*m + 4*m - 4*n, m - 3*n = 398. What is the tens digit of m?
1
Suppose -103760 = -48*k + 65536. What is the hundreds digit of k?
5
Let x = 304 - 315. Let f(k) = -k**3 - 8*k**2 - 14*k + 21. What is the units digit of f(x)?
8
Suppose z + 21669 + 4585 = 3*z. What is the hundreds digit of z?
1
Suppose 0 = -4*j + 3*m + 407, 0 = 3*j + j - m - 413. Let a = 202 - j. What is the tens digit of a?
9
Let m = -57 + 60. Suppose 5*h - 3 = 3*r + 1, 3*r = -m*h + 12. Suppose h*a = -3*v + 751, 2*a + 204 + 57 = v. What is the hundreds digit of v?
2
Suppose -1815 = -r - y, 0*r + 5435 = 3*r - 2*y. What is the units digit of r?
3
What is the hundreds digit of (-5)/(30/(-3267))*(-10 + (4 - -14))?
3
Let a(v) = 2*v**2 + 3*v - 2. Let q be a(-2). Suppose q*d - 1 = -d. Let x(c) = 58*c**3 - 2*c**2 + c. What is the tens digit of x(d)?
5
What is the ten thousands digit of (-1)/3*3/4 - (-20253571)/1612?
1
Let v = -2643 - -7973. What is the hundreds digit of v?
3
Suppose 5*j = 5*z + 47700, 26*z = 2*j + 30*z - 19104. What is the tens digit of j?
4
Let u be (8/(-2))/44 + 134/22. Suppose 0 = -3*a - u*t + 8*t + 874, 5*a - 2*t = 1454. What is the units digit of a?
0
Let q = -7769 + 16776. What is the units digit of q?
7
Suppose 5180 = 4*s - u + 372, -u = 5*s - 6019. Suppose 4*q - 5*r + 7*r = 1628, -3*r - s = -3*q. What is the tens digit of q?
0
Suppose 15453 = -10*d + 277659 - 1606. What is the ten thousands digit of d?
2
Let p = -3551 - -19831. What is the hundreds digit of p?
2
Let l = -2496 - -2671. What is the tens digit of l?
7
Suppose 113*i = 119*i - 30. Suppose -i*z = -213 - 1372. What is the tens digit of z?
1
Suppose 2*j = -138 - 140. Let f = 105 + j. Let u = -22 - f. What is the tens digit of u?
1
Suppose 641*f = 649*f - 9352. What is the tens digit of f?
6
Let v(z) = z**2 + 3*z + 37. Let n be -1*((-9)/3 + 14 + 0). What is the hundreds digit of v(n)?
1
Let n(s) be the second derivative of -6*s + 0 + 4/3*s**3 + 3*s**2 + 1/4*s**4. What is the units digit of n(-2)?
2
Suppose 0 = 32*x - 24*x - 392. Let y = 56 - x. Suppose -y*l = -2*l - 25, -5*r + 60 = 4*l. What is the units digit of r?
8
Suppose 3155 + 22881 = 4*b - 3*s, 3*b = -4*s + 19502. What is the units digit of b?
6
Let o be ((-4)/6)/(3/(-5166)). Let s = -560 + o. What is the hundreds digit of s?
5
Suppose -797*v = -800*v + 42. Let k be (-302)/18 - (-4)/(-18). Let p = v - k. What is the tens digit of p?
3
Suppose 12*v - 346890 = -10*v - 14822. What is the thousands digit of v?
5
Let u(h) = 7*h**2 + 37*h + 547. What is the tens digit of u(-24)?
9
What is the tens digit of ((-711)/553)/((-9)/18438)?
3
Let j(z) = 2*z**3 - 14*z**2 + 22*z - 10. Let v be (4 - (-5)/(-2))/((-6)/(-40)). What is the units digit of j(v)?
0
Let x(o) = 518*o + 606. What is the tens digit of x(36)?
5
Let y(j) = -j**3 - 7*j**2 + 15*j - 8. Let c(b) = -2*b**3 - 15*b**2 + 30*b - 17. Let i(p) = -4*c(p) + 7*y(p). What is the hundreds digit of i(-11)?
1
Suppose -3*a + 0*o - 6 = -2*o, 8 = a - 4*o. What is the units digit of a/10*(-21395)/22?
9
Let p(o) = 1777*o - 629. What is the thousands digit of p(7)?
1
Suppose -51*a - 4915 = -56*a + 5*l, a - 971 = 5*l. What is the tens digit of a?
8
Suppose -3*d - 297 = -4*z, -2*d = -d + z + 92. Let u = d - -100. Suppose -u*n = b - 4*n - 172, -3*b + 4*n + 516 = 0. What is the hundreds digit of b?
1
Let x(l) = 18*l**2 + 3*l + 76. Let n(y) = 36*y**2 + 5*y + 154. Let o(q) = -6*n(q) + 13*x(q). What is the tens digit of o(-6)?
5
Suppose 4*f - 5*m = 16, 40*f - 12 = 37*f + 4*m. Suppose f*h + 7756 = 9*j - 5*j, -j = -3*h - 1949. What is the units digit of j?
4
Suppose -2*o + 4*o + 98 = 0. Let r = 81 - o. Suppose 12*f - r = -f. What is the tens digit of f?
1
Let k(q) = 902*q**2 + q. Let u be k(1). Let d = u - 520. What is the hundreds digit of d?
3
Suppose -j + 3*o = -683, -9*o - 1375 = -2*j - 0*o. What is the hundreds digit of j?
6
Suppose 22*n + 17717 = -51979. What is the hundreds digit of n/(-32)*(-40)/(-6)?
6
Suppose -15*a - 20*a + 73177 = -22*a. What is the units digit of a?
9
Let r = 16 + 139. Suppose r*m = 154*m + 22. What is the tens digit of m?
2
Let v be (4 + -2 - 5) + 1 + -60. Let o = v + 60. What is the tens digit of (o/(-5)*87)/((-4)/(-10))?
8
Let v be (-1 + 9)*(-3)/(-6). Suppose w = -v*n + 10967, -2*w + 17400 = 5*n + 3695. Suppose 22*a - 9*a - n = 0. What is the units digit of a?
1
Suppose 32 = 14*m - 12*m. Let i be -2*(-12)/m*2. Suppose i*d - 3*y - 150 = 0, 3*d - 150 = -7*y + 4*y. What is the tens digit of d?
5
Let j(x) = 69*x**3 - 3*x**2 + 3*x. Suppose -3*t - 4 = 2. Let u be t/(-6) - 24/(-36). What is the units digit of j(u)?
9
Suppose 0 = 4*c - 567 + 143. What is the units digit of 8 - c*(3 - 6)?
6
Let z(h) 